t b be ((-4)/12)/((-2)/36). Calculate the highest common factor of t and b.
6
Suppose -3*a + 16 = 4*u, -4*a + 2*a + 2*u + 6 = 0. Let l = -3 + 7. What is the greatest common divisor of l and a?
4
Suppose 4*d + 2*j - 3 = 3, 0 = 3*d + 2*j - 3. Suppose -g = -2*g + d. What is the highest common factor of 21 and g?
3
Suppose 3*b - 404 = -b. Suppose -2*h - 21 + b = 0. Suppose -2*u + 5 = -u. What is the greatest common divisor of h and u?
5
Let l be 4 - 12/8*-2. Let f be 6/15*(l - -3). What is the greatest common factor of f and 4?
4
Let h be (132/5)/(9/30). Calculate the greatest common factor of 8 and h.
8
Suppose -2*g + 312 = g. What is the greatest common divisor of g and 26?
26
Let u be (-2)/(2/(-39)*3). Let l(z) = -9*z + 3. Let r be l(4). Let x = 32 - r. Calculate the greatest common divisor of x and u.
13
Let m = -16 + 35. Suppose -4*a - 72 = -5*i + m, 2*i = -3*a + 18. Calculate the highest common divisor of 10 and i.
5
Let l(t) = -t**2 - t + 11. Let g be l(0). Let h = g + -2. What is the highest common divisor of h and 81?
9
Let t be 10/35 - (-60)/(-14). Let q be 18/t*84/(-9). What is the greatest common divisor of q and 6?
6
Let d = 36 + -18. Let z = 24 - d. Calculate the greatest common divisor of z and 2.
2
Suppose 0*v + 2*v = 14. Suppose 31 = -2*k + k. Let o = k - -59. Calculate the highest common factor of o and v.
7
Let n(v) = -v**2 - 8*v - 7. Suppose -1 = 4*p + 63. Let t = p + 11. Let u be n(t). What is the greatest common factor of u and 64?
8
Let a(r) = r + 7. Let i be a(-3). Suppose -z - 22 = -o, -i*o + 2*z + 82 = z. Let b be (-3 + 22/6)*75. What is the greatest common divisor of b and o?
10
Let c be (7/(21/(-18)))/(-1). Suppose 3*h - 13 = i, -16 = -2*h + 4*i + c. Let b be 63*(h/(-3))/(-1). What is the greatest common factor of 9 and b?
9
Suppose 0 = 2*f - 740 + 212. Let t be (1 - 4) + 1 + 136. Suppose 2*r = 4*n + 56, -3*n + 8 - t = -5*r. Calculate the highest common divisor of r and f.
24
Let d(i) be the second derivative of i**3/2 + i. Let t be d(2). Suppose -a + 76 = 5*m, m + 5*a - 2 = -t. Calculate the greatest common factor of m and 2.
2
Let k be (-4 + 4)/(-2*1). Let h = k + 0. Let n be (-28)/(-2) + h - 2. Calculate the greatest common divisor of 3 and n.
3
Suppose 3*h + 3 = 3*z, 5*z - z - 9 = 3*h. Let v be (-127)/(-3) - 2/z. What is the highest common divisor of 28 and v?
14
Suppose -3*f = 5*v - 38, 120 = 5*f - 0*f - 3*v. Calculate the highest common divisor of f and 7.
7
Let r(c) = -30*c + 6. Let o be r(-2). Let w = 13 - 7. What is the greatest common divisor of o and w?
6
Let c be 12*2/(-1 - -3). Suppose -6 = 4*n - 22. What is the highest common factor of c and n?
4
Suppose -3*m = r + 9, -m - m + 4 = 4*r. Let v be r/(-5) - 140/(-25). Calculate the greatest common factor of v and 25.
5
Suppose -3*v + 7 + 2 = 0. Suppose -3 = -v*f + 24. What is the highest common divisor of f and 81?
9
Let y be (4 - -18)*4/8. Calculate the highest common factor of y and 88.
11
Let z(q) = -q**3 + 13*q**2 - 10*q - 6. Let c be z(12). Calculate the highest common factor of c and 54.
18
Let x be -2 + (0 - 1) - -5. Suppose -4*i + s = -15, x*i - 4*s + s = 15. What is the greatest common factor of 3 and i?
3
Let p = 6 - -9. Let l be 5*1/(-2)*-4. Suppose -3*r + l = -20. What is the greatest common divisor of r and p?
5
Suppose -t + 130 = 12*t. Calculate the greatest common divisor of t and 130.
10
Let s = -14 - -26. Let c = -8 + s. Let n = 14 - c. Calculate the greatest common factor of n and 110.
10
Suppose 36*i - 31*i = 45. Calculate the highest common divisor of 1 and i.
1
Let u(i) = -i**3 - 3*i**2. Let b be u(-3). Suppose b = -3*c + 46 + 11. What is the highest common divisor of c and 209?
19
Suppose 0 = d + d + 16. Let n be (6/1)/((-12)/d). What is the greatest common factor of n and 2?
2
Let u(h) = 5*h**2 + 2*h. Let f be u(4). Suppose -42*g + 51*g - 99 = 0. What is the highest common factor of f and g?
11
Suppose 6*u = 3*u + 3. What is the greatest common divisor of 1 and u?
1
Suppose 6*u - 7*u + 13 = 0. Suppose -5*q + v = -3*v - 144, 5*q = 5*v + 140. Let d = q + -19. What is the greatest common factor of d and u?
13
Let j(p) = -p**2 - 18*p + 12. Suppose 42 = -4*x + 5*c, 6*x - 2*x = 2*c - 48. Let k be j(x). What is the greatest common divisor of 7 and k?
7
Let l(k) be the third derivative of k**5/60 - k**4/8 + k**3/6 + 2*k**2. Let p be l(3). Suppose -p = y - 4. What is the highest common divisor of y and 15?
3
Let v = 8 + -8. Suppose v = -5*j - 13 + 43. Calculate the highest common divisor of j and 54.
6
Let t be (-1)/(4/(-88) + 0). What is the greatest common divisor of 33 and t?
11
Let t be (-12)/(16/(-4)) + 43. What is the highest common divisor of 115 and t?
23
Let m be (-27)/6*436/(-3). Suppose -m = -4*f - p - p, -3*p + 325 = 2*f. Let r = f + -74. What is the greatest common divisor of 18 and r?
18
Let j(p) = 3*p**3 - 1. Let y be j(1). What is the greatest common factor of 14 and y?
2
Suppose -5*n = -3*n - z - 176, 440 = 5*n + 5*z. Calculate the highest common factor of n and 8.
8
Suppose 3*j - 3 + 0 = 0. Let h = 27 - 20. Calculate the greatest common factor of j and h.
1
Let i = -18 - -25. Let j = -40 - -227. Let f = -131 + j. Calculate the greatest common divisor of i and f.
7
Let j(x) = -3*x. Let c be j(-3). Calculate the greatest common divisor of c and 18.
9
Let j be (3/18*-3)/((-2)/252). Let f(h) = -21*h**3. Let y be f(-1). Calculate the highest common divisor of j and y.
21
Let d = 1 + -9. Suppose 0 = 4*j - 3*j - 13. Let s = j + d. Calculate the highest common divisor of s and 45.
5
Suppose -2*g + 39 = -9. What is the greatest common divisor of 3 and g?
3
Suppose l - 30 = -0*l + 5*m, -2*l + 5*m = -75. Suppose -3*n = -n - 4. Suppose -88 - n = -5*f. What is the highest common factor of l and f?
9
Suppose -411 = -3*a - 0*a + 4*i, 2*a - 275 = 3*i. What is the highest common divisor of 19 and a?
19
Let z be (-7 - -1)/((-6)/45). Let h = z + -23. Suppose -11 = -4*l + 3*l. Calculate the highest common factor of l and h.
11
Let c = -101 + 121. What is the greatest common factor of c and 8?
4
Let n(u) = u**2 + 4*u - 3. Let v be n(-5). Suppose -s = 2*l - 1, s - 2*s = 3*l + v. Calculate the greatest common divisor of s and 1.
1
Suppose -8*m + 0*m + 792 = 0. Let y be 2 + (-4*1 - -2). Suppose -54 = -4*q - 5*w, y = -3*q + 2*w + 5 + 24. What is the highest common factor of q and m?
11
Let z = 54 + -53. What is the greatest common divisor of z and 7?
1
Suppose 312 = 6*j - 3*j - 3*c, 0 = -j - 4*c + 84. Let v be 2*(-4)/3*-15. Calculate the highest common divisor of j and v.
20
Suppose -5*i - 4 + 134 = 0. Calculate the highest common factor of 104 and i.
26
Let c = 91 + -46. Suppose 5*q = -5*x + 35, -2*x - 3*x - 3*q + c = 0. Let y = -32 + 56. Calculate the highest common factor of y and x.
12
Let d(w) be the third derivative of -5*w**4/12 + w**3/6 - w**2. Let r be d(-1). Suppose -103 - 249 = -4*z. What is the greatest common factor of z and r?
11
Let w be (0 - -31) + 1 + 0. Calculate the greatest common factor of w and 8.
8
Let z = 25 + 23. Calculate the greatest common factor of 6 and z.
6
Suppose 0 = -2*b, 3*b = 2*j + 3*j + 490. Let v = 208 + j. Calculate the greatest common divisor of v and 44.
22
Suppose 13 = 4*i + 1. Suppose 2*f = -2*n + 96, 0 = -i*f + 5*f + n - 93. Let d(u) = u**2 - 2*u. Let a be d(5). What is the greatest common factor of a and f?
15
Let v(t) = -2*t + 2. Let a be v(-7). Let h be (-4 - -7)*a/3. What is the highest common factor of 32 and h?
16
Suppose 0 = 4*r - 14 + 2. Suppose -4*l + 181 = r*f - 219, -5*l = f - 126. What is the greatest common divisor of 17 and f?
17
Let f = 30 - 18. What is the highest common divisor of f and 132?
12
Suppose -5 + 20 = 5*h. Suppose -6 + 3 = -d. What is the greatest common divisor of h and d?
3
Let a(z) = -25*z - 15. Let y(o) = -13*o - 8. Let b(k) = 6*a(k) - 11*y(k). Let v be b(-2). Calculate the greatest common factor of v and 132.
12
Suppose -4 = -5*w + 6. What is the greatest common factor of w and 1?
1
Let q be (-54)/(-10) - (-18)/30. Calculate the highest common factor of 3 and q.
3
Suppose 4*h + 12 = -44. Let s = h - -20. Calculate the greatest common divisor of 4 and s.
2
Let t(g) = 4*g**3 - 6*g**2 + 9*g + 12. Let b be t(5). Calculate the greatest common factor of b and 37.
37
Let h = 2 - 